c - 5*n, -8*c + 6*c = -2*n - 31912. Is c a composite number?
False
Let i(l) = -3*l**3 - 3*l**2 - 4*l - 21. Is i(-7) a composite number?
True
Let s = 37 - 25. Suppose 0 = 4*k - s*k + 5608. Is k composite?
False
Let n(d) = -6*d + d**2 + d**2 - 573*d**3 + 7*d. Let r be n(-1). Suppose -r = 7*h - 9*h. Is h a composite number?
True
Suppose -4*v = -5*v - r + 4, 0 = -v + 3*r. Is ((-6)/4)/(v/(-694)) composite?
False
Let n = 18 + -12. Suppose 4*r - n*r + 12 = 0. Is 130 - (r - 2) - -1 prime?
True
Let l(w) = -w**2 - 3*w - 2. Let t be l(-2). Let m(h) = -3*h + 365. Is m(t) a composite number?
True
Suppose -172*c - 25578 = -175*c + 4*b, -b - 25569 = -3*c. Is c composite?
True
Let s be (-35)/21*1*-3. Suppose 190 = s*m - 6*i + i, -8 = 2*i. Is m a composite number?
True
Let n(b) = 37*b**2 - 267*b + 6. Is n(23) composite?
True
Let z(o) = 1100*o**3 - 2*o**2 + 10*o - 11. Is z(2) prime?
False
Let s(d) = d**3 + 22*d**2 - 2*d - 49. Let u be s(-22). Suppose -3*y + 18 + 144 = 0. Let k = y - u. Is k a composite number?
False
Let y be (11 - 11)/(-4 - (0 - 1)). Suppose 0 = -p + 2*p - 2*m - 1037, 2*m - 2 = y. Is p a prime number?
True
Suppose 608 + 496 = 2*b + 3*q, -q = 2. Let f be (265 - 6/2)/(-1). Let d = f + b. Is d composite?
False
Let g = 42 + 50. Suppose -201 = 89*f - g*f. Is f prime?
True
Suppose -3*p + 23 = -0*d - 2*d, -2*p + 10 = 0. Is 0 - d/((-8)/(-1814)) a composite number?
False
Suppose 4*l + 5 = -15. Let t = l - -40. Let r = 50 - t. Is r prime?
False
Let h = 35891 - 6102. Is h composite?
False
Let w be 363 + -2 + ((-6)/2 - -2). Let f = w + -181. Is f composite?
False
Let x(d) = -19*d**3 + 5. Suppose 4*s - 3*s - 3 = 0. Let n be x(s). Let b = -323 - n. Is b prime?
False
Let r(u) = 6*u - 4*u - 9*u - 5 - 29*u**3 + 4*u. Is r(-3) prime?
True
Suppose -5*o - 6*o = -18051. Is o a composite number?
True
Let s = -497 + 700. Let d = 1859 + s. Is d prime?
False
Let x(n) = -997*n - 1. Let p be x(-1). Suppose -3*u = 0, -u = 3*g + 4*u + p. Let b = 625 + g. Is b a composite number?
False
Suppose 45584 = 3*r - 5*u, -19*r - 75967 = -24*r + 2*u. Is r prime?
True
Let q(x) = -54*x - 5. Let t(w) = -w**3 - 3*w**2. Let f be t(-3). Suppose 3*g - g + 8 = f. Is q(g) composite?
False
Suppose 3*i - 3648 - 3900 = 2*x, -7527 = -3*i - 5*x. Is ((-9)/27)/((-1)/i) a prime number?
False
Let x(j) = -272*j - 115. Is x(-19) a prime number?
False
Let l(d) = d**3 - 8*d**2 - 5*d + 1. Let v be l(9). Let m be -218 + ((-6)/3 - 0). Let k = v - m. Is k a composite number?
False
Let i be (6/(-2) - -5) + 1154 - 2. Is (3/9)/(7/(-63)) + i a composite number?
False
Suppose 27 = 5*u - 0*g - 2*g, 5*g = 3*u - 1. Suppose 11*c - u*c = 484. Let l = -68 + c. Is l a prime number?
True
Suppose 112334 = -12*a + 351002. Is a a composite number?
False
Suppose 0 = u - 32*y + 35*y - 239107, -1195535 = -5*u + 2*y. Is u a composite number?
True
Suppose -2*b + 1737 = -433. Suppose -8*j + b = -3*j. Is j prime?
False
Let a(k) = 48*k**3 - 5*k**2 + 2*k + 1. Let t be a(3). Let u = t + -779. Is u a composite number?
False
Suppose 7446*t = 7448*t - 34514. Is t prime?
True
Suppose x - 6*x = -3365. Is (-2)/6*-3*x prime?
True
Suppose 5*m + 0 - 10 = 0. Suppose 2*w + m*w = 28. Let q(n) = 110*n + 17. Is q(w) a composite number?
False
Let l(j) = 28*j**2 + j - 61. Is l(18) a composite number?
False
Let w = -43 - -46. Suppose -2*f = 3*y - 379 - 758, y = w*f + 368. Is y prime?
False
Suppose -5 = z, -2*c + z + 37803 = -0*c. Is c composite?
False
Let s = -2795 - -6342. Is s prime?
True
Let s(k) be the first derivative of -k**2/2 - 9*k + 7. Let f be s(-12). Suppose f*b - 336 = 45. Is b composite?
False
Suppose k + 0 = -1. Let z be -2 - -49 - (-1 + k). Let q = z + 64. Is q composite?
False
Suppose 4*w + 21623 = 11*w. Is w a composite number?
False
Suppose 4*m - m - 4640 = -4*u, 0 = -u + m + 1153. Is u prime?
False
Suppose 2*x = 3*z - 653, 4*z - 2*x + 196 - 1066 = 0. Let k = z - 108. Is k composite?
False
Let v(t) = t**2 - 2*t - 1. Let p be v(3). Let d(b) be the third derivative of 3*b**6/8 - b**4/8 + b**3/6 + 6*b**2. Is d(p) prime?
False
Let n be 244/8*6/(-3). Suppose 0 = 2*o - 14 + 4, -3*w = -5*o - 359. Let l = w + n. Is l prime?
True
Let h = 16 + -10. Suppose -155 = z - h*z. Is z prime?
True
Is (-289993)/(-55) - 4/(-10) prime?
True
Let c = 1390 - 812. Let x = 286 - c. Let k = -41 - x. Is k a composite number?
False
Let r be -1 + (3 - 1) + -2. Let m(i) = i**2 + 1. Let u(b) = -145*b**2 - b + 5. Let h(z) = 5*m(z) - u(z). Is h(r) a prime number?
True
Let t(h) = h**3 - 14*h**2 - 46. Is t(27) a prime number?
True
Suppose 19834 = 5*n - 9*p + 8*p, -5*p + 5 = 0. Is n prime?
True
Let n(j) = 18*j**3 - 42*j**2 + 43*j - 29. Is n(18) prime?
False
Let p(q) = -728*q - 19. Is p(-2) a composite number?
True
Is (-15906)/(-24) + (-12)/16 a prime number?
False
Suppose -b - 5*u = 3, 0 = 3*b - u - 7. Suppose 7*z - b*z = 2705. Is z composite?
False
Suppose -4*a = -2*i + 16, -3*i = -i - 3*a - 13. Let s(u) be the first derivative of 27*u**4/4 - u**3/3 + u**2 + u - 1. Is s(i) composite?
True
Let p = 6666 + -14500. Let b = 11175 + p. Is b a prime number?
False
Is -16558*(-9)/54*3 prime?
False
Let o = -510 + 224. Is ((-3)/2)/(11/o) composite?
True
Let i = 403 + -402. Let r(z) be the second derivative of 288*z**5/5 - z**4/12 - z**3/3 + z**2 + z. Is r(i) a prime number?
True
Let w = 15577 + -3614. Is w a composite number?
True
Let v(z) = z**2 + 8*z - 1. Let y be v(-8). Let o be y*-2*(-3)/(-6). Is ((-98)/4 + o)*-4 a composite number?
True
Let t = 27861 - 19682. Is t a composite number?
False
Suppose 0 = 5*j + 25, 2*t - 2*j - j = 6721. Is t prime?
False
Let w(r) = -r - 4 + 8*r + 2 + 9. Let p(q) = -14*q - 15. Let s(c) = 3*p(c) + 5*w(c). Is s(-9) a composite number?
False
Suppose -6 = 2*i + 5*u, 0 = 5*i - u + 15. Let b = i - -8. Suppose -b*s + 116 = -0*d - 2*d, -125 = -5*s + 5*d. Is s prime?
False
Suppose -11*q + 6 = -9*q. Let o be (-3)/(-2)*2 - q. Suppose 9*v - 6*v - 981 = o. Is v a composite number?
True
Let n(q) = 4*q**2 - 5*q**2 - 3*q + 0 - 9 + 2*q**2. Let p be n(5). Is (-6 + 0)/(-3)*p prime?
True
Let x(n) = -6*n**2 + n + 11*n**3 - 2*n**3 + 14 - 12 - n**2. Is x(3) composite?
True
Let m(c) = 39*c**3 + c**2 - 2*c + 5. Let l be 14/49 + (-19)/(-7). Is m(l) prime?
True
Suppose 122 = 2*i - 8. Suppose 63 + 7 = 3*y + 4*g, g = 2*y - i. Is (170/y)/(2/78) a composite number?
True
Let c = -13 - -10. Let v(u) = -4*u - 6. Let h be v(c). Suppose -d = 2*a - 205, -h*d = -d - 2*a - 989. Is d a composite number?
False
Suppose 3*m - 3*h = 57363, 3*h + h + 95605 = 5*m. Is m a composite number?
False
Let t(u) = 74*u**3 - u + 1. Suppose -3 = -3*w - 5*b, -2*b + 4 = -4*w + 8. Let y be (4 - w - 1)/2. Is t(y) a prime number?
False
Let f = -32 - -36. Suppose q + 4476 = 5*o, -3*o + 2244 = f*q - 437. Is o a prime number?
False
Let b(o) = -o**2 - 39*o - 21. Is b(-12) a prime number?
False
Let h be (28/(-6))/(2 - (-32)/(-15)). Suppose -5*g + h = -4*g. Is g prime?
False
Let b be -5*1*14208/(-20). Let z = b - -4. Suppose l + z = 5*l. Is l prime?
False
Let s(o) = -o**3 - 33*o**2 + 4*o + 55. Is s(-37) composite?
True
Let y be 1616/(4 + 0) + 0. Let k = y - 183. Is k composite?
True
Let g(c) = -1 - 11*c + 14*c - 150*c**2 + 555*c**2. Is g(1) prime?
False
Let v(y) = 8*y. Suppose 5*w = 5*f - 5, f - 4*f = -9. Let p be v(w). Suppose 2*u + 0*o + 3*o = 57, o = u - p. Is u prime?
False
Let a(w) = -339*w**3 + 7*w**2 + 5*w - 21. Is a(-4) prime?
True
Suppose -2*u = 4*t - 68430, 9*u - 8*u + 3*t - 34217 = 0. Is u a composite number?
False
Let n(l) be the third derivative of 17/60*l**6 + 10*l**2 - 1/24*l**4 + 1/6*l**3 + 0 + 0*l - 1/60*l**5. Is n(2) a prime number?
False
Suppose 31*h = 29*h + 5190. Is 4*(-4)/48*h/(-1) a composite number?
True
Let j(g) = 33*g**2 - 5*g - 3. Suppose 8 = -6*s + 2*s. Is j(s) a prime number?
True
Let z(o) = 30 + 66*o + 65*o - 1 + 215*o. Is z(5) a composite number?
False
Let g(s) = s**2 + 4*s. Let y be g(-4). Is (-1 - -1760) + y + 0 composite?
False
Let a(l) = 201*l - 2. Let n(r) = 201*r - 2. Let m(k) = -4*a(k) + 3*n(k). Is m(-1) a prime number?
False
Suppose -3*x = -2*w - 0*w + 75, -4*w = -5*x - 147. Let i be 2/3 + 440/w. Suppose 0 = -9*v + i*v - 635. Is v prime?
True
Suppose 1043 = 4*y - 1285. Suppose 2*l - 5*j = 31, -2*l - l + 24 = -3*j. Suppose o = -o - 2*a + y, 0 = l*o - 4*a - 887. Is o a prim